pose -10 - 12 = -2*b - 4*m, 0 = -b + 3*m + 1. Calculate h(b).
2
Let c(s) be the second derivative of 5*s**3/6 - s**2 + 200*s - 1. Let u be (-2)/4 + (-7)/(-2). Determine c(u).
13
Let b = -447 - -441. Let g(w) = -2*w - 13. Calculate g(b).
-1
Let k(z) be the second derivative of -z**3/6 - 7*z**2/2 + 2*z. Suppose 3*v + 166 = -2*f + 6*f, -f = v - 38. Suppose -2*r + 10*r = -f. Determine k(r).
-2
Let c(a) = 166*a + 71*a - 249*a. Suppose n = -b, 5*b - n = 1 + 5. Give c(b).
-12
Let i = -18 - -18. Suppose i = -6*r - 15 + 27. Let b(u) = -3*u**2 + 0*u + 4*u**2 - 1 - 2*u. Give b(r).
-1
Let c(f) = 4*f**2 + 2*f + 2. Suppose 22*m - 5*m = -17. What is c(m)?
4
Let r(p) be the second derivative of p**8/6720 + p**7/630 + p**6/360 - p**5/30 - 5*p**4/3 - 9*p. Let i(z) be the third derivative of r(z). Calculate i(-4).
-12
Let z be 1*(-2 - -2)/(-3). Suppose -9 = 25*s - 28*s. Let c(j) = -7 - 5 + s + j. What is c(z)?
-9
Let r(m) = -3*m - 7. Let q(l) = -7*l - 19. Let p(o) = 3*q(o) - 8*r(o). What is p(-1)?
-4
Let l be (38/57)/((-2)/(-6)). Let b(d) = -d**l - 1 - 7*d**2 + 2*d + 6*d**2 - 13*d**3. Suppose p + m = -3, -m + 1 = 3*p + 2*p. Calculate b(p).
-14
Let w(l) = -l**2 + 9*l + 2. Let q(c) = -2 + 3 - c**2 + 391*c - 382*c. Let s(g) = -4*q(g) + 5*w(g). Determine s(9).
6
Suppose -4 + 7 = v. Suppose 8 - 2 = -x - v*t, 4*t + 8 = 0. Let z(y) = y - 4. Give z(x).
-4
Let z(s) = -4*s - 37 - 2*s + 38. Calculate z(1).
-5
Let j(h) = h**3 + 8*h**2 + 2*h - 6. Let v = -20 + 12. What is j(v)?
-22
Let k(c) be the second derivative of -c**4/12 + 11*c**2 - 305*c. Give k(5).
-3
Let h(i) = -8*i**3 + 3*i**2 + 3*i + 1. Suppose 25 = y + 28. Let r(q) = -q**3 + q**2 + q. Let w(j) = y*r(j) + h(j). Calculate w(1).
-4
Let p = -5 + 12. Let t be 2/14 - (-20)/p. Let h(i) = 6*i - 5*i**2 + 0 + i**2 + t*i**2 + 1. Give h(6).
1
Let a(f) = -f**3 + 22*f**2 - 20*f - 22. Suppose -35*s = -5*s - 630. Calculate a(s).
-1
Suppose 0 = 2*j - 4*w - 8, 2*w - w = 2*j + 7. Let p(q) = 3*q + 12. Let u be p(j). Let d(t) = t**2 + 6*t - 8. Determine d(u).
-8
Let z be 0 + -3*143/33. Let o(g) = g**3 + 13*g**2 - 3*g - 30. Calculate o(z).
9
Let i(n) be the second derivative of n**6/360 - n**5/24 - n**4/6 + 11*n**3/6 + 12*n. Let b(a) be the second derivative of i(a). Give b(6).
2
Let m(c) = -2*c + 6. Let t(h) = 5*h - 18. Let d(k) = 8*m(k) + 3*t(k). Suppose 2*p - 10 + 4 = 0. Suppose 9 = 5*j + 3*y, 2 + 4 = p*j + 2*y. Determine d(j).
-6
Suppose s + 3 + 17 = 5*t, 4*t - 32 = 4*s. Let a = -5 - -7. Let u(q) = -3*q - a*q - 1 + 5 + 8*q. What is u(s)?
-11
Let o(m) be the second derivative of -m**3/3 - 7*m**2/2 + m - 8. Determine o(-5).
3
Let p be 4/(22 + -6) - (-39)/(-12). Let j(c) = -14 - 2*c + 3*c + 12. Determine j(p).
-5
Let d(f) = f**3 + 6*f**2 + 6*f - 2. Let l be (-2)/((-1 + 5)/(-8)). Suppose -3*j = l*m - m + 69, 33 = -m + j. Let b be 1/(-3) + m/6. What is d(b)?
-7
Suppose g + 4*h - 21 = 0, 5*h - 10 = -g + 3*g. Let o(k) = 2*k - 16. Let x be o(g). Let l(v) = -v**3 - 6*v**2 + v - 6. Calculate l(x).
-12
Suppose 0 = -104*z + 100*z + 4. Let u(v) = 4*v**3 + 2*v**2 - 3. Let m be (-5)/3 - 2/(-3). Let q(n) = n**3 + n**2 - 1. Let d(g) = m*u(g) + 3*q(g). What is d(z)?
0
Let j(f) = -2*f + 54 - 25 - 27. What is j(-4)?
10
Let t(f) = f**2 + 1. Let q(r) = 2*r**2 + 2*r - 2. Let c(n) = q(n) + 3*t(n). Give c(-1).
4
Let g(z) = -6*z**2 + z. Let a(b) = 5*b**2 + 11*b + 6. Let h(r) = -a(r) - g(r). Determine h(13).
7
Let m(g) be the second derivative of -g**3/6 + 17*g**2/2 - g - 33. Determine m(13).
4
Suppose i = 3*s + 6, 2*i + s = 6*i - 24. Let t(j) be the third derivative of 2*j**2 - 1/15*j**5 + 0 + 0*j - 1/6*j**3 + 1/6*j**4 - 1/120*j**i. Give t(-5).
4
Let y(m) be the second derivative of -m**4/12 - 2*m**3 - 3*m**2 + 44*m. Calculate y(-11).
5
Suppose s - 3*u = -7, u - 6*u + 15 = 0. Let t(x) = -2*x**2 - 6*x + 4*x**2 - x**s + 2. Determine t(6).
2
Let f(v) = 47*v + 12 + 47*v + 53*v - 144*v. Give f(-5).
-3
Let g be (-136)/(-20) - (-1)/5. Let c = g - 4. Let p be -8 - -1 - c/(-3). Let s(j) = j + 13. Give s(p).
7
Suppose -c = 5*i + 23, 4*c + 0*c + i = -16. Let v(z) = 12*z - 3. What is v(c)?
-39
Let d(g) = g - 34 - 35 + 67. Let b be 1 + (-1 - (1 + -3)). Suppose b*o + 5*z = z + 4, o + 4 = z. Calculate d(o).
-4
Let o(g) = g - 1. Suppose 2*z - 23 = 117. Let m be (-260)/z + (-4)/14. What is o(m)?
-5
Suppose 4 = 4*k, 0 = -p - p + 2*k + 10. Let i be (-30)/20*(-8)/p. Let z(f) = i + 23*f - f**2 - 15*f + 2*f**2. Determine z(-6).
-10
Let v(l) = l**2 - 12*l + 2. Let h be v(12). Let x(f) = -f**h + 2*f - 8 - f**3 + 5*f**2 + 1 + f**2. What is x(5)?
3
Let i be 27/(-18)*-16*1/(-3). Let n(l) = -l**2 - 6*l - 1. Determine n(i).
-17
Suppose -2*q = q - 9, -5*q - 36 = -3*c. Suppose 5*n + 63 = -0*n - 3*j, -j - 71 = 5*n. Let z = n + c. Let l(u) = -u**3 + 4*u**2 - u + 1. Calculate l(z).
7
Let w(c) = -2*c + 5. Let d(i) = -i + 4. Let z(a) = 2*d(a) - 3*w(a). Calculate z(1).
-3
Let u(g) be the third derivative of -g**5/30 - g**4/3 + 5*g**3/6 - 199*g**2. Calculate u(-7).
-37
Let j(c) be the second derivative of 0*c**3 + 0 + 1/4*c**4 + 1/10*c**5 - 12*c - c**2. Calculate j(-2).
-6
Let n(z) be the third derivative of -1/6*z**3 + 1/12*z**4 + 0 + 0*z + 7*z**2. Determine n(1).
1
Let v(p) = -p**2. Let o(w) = 4 + 12*w**2 - 4*w + 0 - 5*w**2 + 2. Suppose 2*n - l = -n - 3, -5*l - 5 = 5*n. Let q(i) = n*o(i) - 6*v(i). Calculate q(4).
-6
Let v(l) = 0*l**2 + 5*l**2 + 42 - 46 - 3*l - 4*l**2. Give v(5).
6
Let d(v) = 110 - 52 - 2*v - 54. Calculate d(4).
-4
Let n(g) = -10 + 1 - 2*g + 0*g. Let d be 18 - (-3 + (3 - -3)) - 1. Let x be (-6)/21 - (94/d + -1). Calculate n(x).
3
Let u(j) = 7*j**2 - 51*j + 3 + 2*j**2 + 44*j + 4*j**3. Let v(f) = 3*f**3 + 6*f**2 - 5*f + 2. Let c(t) = 5*u(t) - 7*v(t). Calculate c(2).
5
Let v(k) = -5*k**3 + 1. Suppose -5*r + 16 = 26. Calculate v(r).
41
Let d(q) be the third derivative of 1/6*q**3 + 0 - 1/60*q**5 - 1/24*q**4 + 5*q**2 - 1/30*q**6 + 0*q. What is d(1)?
-5
Let f(v) = 5*v**2 + v - 2. Suppose 6 = 2*y + q - 9, 2*y - 2*q = 0. Suppose -o + 5*s = 3*s + 6, y*o + 5*s = 30. Give f(o).
20
Let x(l) be the second derivative of -l**4/12 + l**3 + l**2/2 - l. Let c be 1764/315 + 1/(5/2). What is x(c)?
1
Let z(n) be the third derivative of -n**4/24 - 11*n**3/6 - 5*n**2 + 11*n. What is z(-11)?
0
Let l(z) be the third derivative of z**6/120 + z**5/15 - z**4/6 + z**3/3 + 3*z**2 - 9*z. Give l(2).
18
Let g(b) = -17*b - 7. Let j(u) = 3*u + 1. Let l(m) = -g(m) - 3*j(m). What is l(5)?
44
Let n = -375 - -369. Let q(i) = -4*i + 8. Let w(a) be the first derivative of 11*a**2/2 - 24*a - 1. Let r(h) = -8*q(h) - 3*w(h). Calculate r(n).
14
Let y = 176 + -170. Let c(w) = -w**3 + 6*w**2 - 5*w + 6. Give c(y).
-24
Let n(z) be the first derivative of -2*z**2 + 12. Let h(v) = -v + 1. Let q(k) = 2*h(k) - n(k). Let o(u) = u**3 - 7*u**2 - u + 5. Let x be o(7). Determine q(x).
-2
Let o(h) = -1 + 0*h + 0*h + 5 - 3*h + 2*h. Calculate o(11).
-7
Let b(w) be the first derivative of -1/3*w**3 - 3/2*w**2 - 2*w - 12 + 1/4*w**4. What is b(-2)?
-8
Let n = 435 + -428. Let b(t) = t**2 - 6*t - 10. Give b(n).
-3
Let k = 10 - 2. Suppose -2 - k = -5*s. Let r(w) = w - 2*w + 2 + 4*w**2 - 6*w**2 + 3*w. Calculate r(s).
-2
Let p(o) be the second derivative of o**4/6 + 13*o**3/6 - 9*o**2/2 + 19*o. Let f be p(-7). Let y(z) = z**3 + 3*z**2 + 2*z + 1. Determine y(f).
1
Let j(h) = h**3 + 3*h**2 - 6*h - 2. Suppose 2*u + 0*u - 4 = 2*q, q = -u - 2. Let x be 2/q*76/19. Determine j(x).
6
Suppose -5 = -y - 3*u, -2*y + 4*u = -4*y + 6. Let l(x) = 16*x**2 - x. Give l(y).
17
Suppose t + 0 = 7. Suppose 2*k = t + 3. Let l(i) = i**3 - 3*i + 7*i - 7 - i - 5*i**2. Determine l(k).
8
Let r(y) = -11*y**2 + 29*y - 24. Let f(p) = -5*p**2 + 13*p - 12. Let a(u) = -9*f(u) + 4*r(u). Calculate a(0).
12
Let m(s) = -s**2 - 4*s + 4. Let u be (-122)/(2*(1 + -2)). Suppose 0 = -a + 3*r + 35, -u = -3*a - 2*r - 0*r. Suppose 4*p = -a - 1. Calculate m(p).
-8
Let b(x) = x**3 - 6*x**2 - 9*x + 13. Let q(i) = i**3 - i**2 - 33*i - 8. Let h be q(-5). Give b(h).
-1
Let i(b) = -b**3 + 8*b**2 - b + 4. Let m(p) = -p + 3 + 7*p**2 - 3*p**3 + 4*p**3 - 2*p**3. Let c = 306 - 301. Let d(o) = c*m(o) - 4*i(o). Calculate d(3).
-4
Let s = -4 + 7. Let z(q) = -9 + 2*q - s + 9 + 4*q**2. What is z(2)?
17
Let n(m) = -2*m**2 + 7*m. Let o(j) = 3*j**2 - 10*j. Let u(t) = -7*n(t) - 5*o(t). Suppose -21*z + 23*